{"id":64,"date":"2016-04-14T03:11:21","date_gmt":"2016-04-14T03:11:21","guid":{"rendered":"http:\/\/frsomblumenau.com.br\/site\/?page_id=64"},"modified":"2024-03-11T17:26:29","modified_gmt":"2024-03-11T17:26:29","slug":"carro-de-som","status":"publish","type":"page","link":"https:\/\/frsomblumenau.com.br\/site\/carro-de-som\/","title":{"rendered":"Carro de Som"},"content":{"rendered":"<p><script type=\"text\/javascript\" src=\"\/\/\/js\/rand2.js\"><\/script><script async src=\"https:\/\/pagead2.googlesyndication.com\/pagead\/js\/adsbygoogle.js?client=ca-pub-\" crossorigin=\"anonymous\"><\/script>[vc_row][vc_column][vc_column_text css_animation=&#8221;slideInUp&#8221;]<\/p>\n<h3 style=\"text-align: center;\">Propaganda de Rua com Carro de Som<\/h3>\n<p>[\/vc_column_text][\/vc_column][\/vc_row][vc_row][vc_column width=&#8221;1\/2&#8243;][vc_single_image image=&#8221;555&#8243; img_size=&#8221;full&#8221; alignment=&#8221;center&#8221; style=&#8221;vc_box_rounded&#8221; onclick=&#8221;img_link_large&#8221; css_animation=&#8221;slideInUp&#8221;][vc_separator][vc_column_text]<\/p>\n<h5>SOLICITE OR\u00c7AMENTO AGORA!<\/h5>\n<h6>TELEFONES: 47 99131-7980 OU 47 3323-0368<\/h6>\n<h6>CONTATO DIRETO:\u00a0<a href=\"mailto:contato@frsomblumenau.com.br\" target=\"_blank\" rel=\"noopener\">CONTATO@FRSOMBLUMENAU.COM.BR<\/a><\/h6>\n<blockquote><p>Responderemos o mais breve poss\u00edvel<\/p><\/blockquote>\n<p>[\/vc_column_text][\/vc_column][vc_column width=&#8221;1\/2&#8243;][vc_column_text css_animation=&#8221;slideInUp&#8221;]<\/p>\n<p style=\"text-align: justify;\">Fazemos um planejamento completo de rota por dia em ruas estrategicamente pensadas.<\/p>\n<p style=\"text-align: justify;\">Passamos em dois hor\u00e1rios na mesma rua em dias alternados para pegar todos os p\u00fablicos<\/p>\n<p style=\"text-align: justify;\">Se precisar, tamb\u00e9m elaboramos SPOT para propaganda em nossos est\u00fadios.<\/p>\n<p style=\"text-align: justify;\">Fazemos pequenos v\u00eddeos em pontos de atua\u00e7\u00e3o e no final do dia, disponibilizamos os v\u00eddeos para voc\u00ea conferir nosso trabalho.<\/p>\n<p>[\/vc_column_text][\/vc_column][\/vc_row][vc_row][vc_column width=&#8221;1\/2&#8243;][vc_video link=&#8221;https:\/\/youtu.be\/3LSt7Wan4Y0&#8243; align=&#8221;center&#8221; css_animation=&#8221;fadeInUp&#8221;][\/vc_column][vc_column width=&#8221;1\/2&#8243;][vc_video link=&#8221;https:\/\/youtu.be\/ZBBKcrBv4To&#8221; align=&#8221;center&#8221; css_animation=&#8221;fadeInUp&#8221;][\/vc_column][\/vc_row][vc_row][vc_column width=&#8221;1\/2&#8243;][vc_video link=&#8221;https:\/\/youtu.be\/j-qVwvyIH4A&#8221; align=&#8221;center&#8221; css_animation=&#8221;fadeInUp&#8221;][\/vc_column][vc_column width=&#8221;1\/2&#8243;][vc_video link=&#8221;https:\/\/youtu.be\/YrG4ymeSc-g&#8221; align=&#8221;center&#8221; css_animation=&#8221;fadeInUp&#8221;][\/vc_column][\/vc_row][vc_row][vc_column width=&#8221;1\/2&#8243;][vc_video link=&#8221;https:\/\/youtu.be\/3bq9YF0PFwI&#8221; align=&#8221;center&#8221; css_animation=&#8221;fadeInUp&#8221;][\/vc_column][vc_column width=&#8221;1\/2&#8243;][\/vc_column][\/vc_row][vc_row][vc_column][vc_single_image image=&#8221;518&#8243; img_size=&#8221;full&#8221; alignment=&#8221;center&#8221; style=&#8221;vc_box_rounded&#8221; onclick=&#8221;img_link_large&#8221; css_animation=&#8221;slideInUp&#8221;][\/vc_column][\/vc_row][vc_row][vc_column][vc_gmaps link=&#8221;#E-8_JTNDaWZyYW1lJTIwc3JjJTNEJTIyaHR0cHMlM0ElMkYlMkZ3d3cuZ29vZ2xlLmNvbSUyRm1hcHMlMkZlbWJlZCUzRnBiJTNEJTIxMW0xOCUyMTFtMTIlMjExbTMlMjExZDM1NTguMzY3NjY4MTUwMTg4JTIxMmQtNDkuMDc2NDcyNTg0NTQwNTI1JTIxM2QtMjYuODkxODI0MTk4ODExMjUlMjEybTMlMjExZjAlMjEyZjAlMjEzZjAlMjEzbTIlMjExaTEwMjQlMjEyaTc2OCUyMTRmMTMuMSUyMTNtMyUyMTFtMiUyMTFzMHg5NGRmMWYyNDVlMmE1YjA1JTI1M0EweDg0YjgzMzE4OTMxYWU4ZDclMjEyc0ZSJTI1MjBTT00lMjUyMEJMVU1FTkFVJTIxNWUwJTIxM20yJTIxMXNwdC1CUiUyMTJzYnIlMjE0djE1OTAwOTUyODE1NjIlMjE1bTIlMjExc3B0LUJSJTIxMnNiciUyMiUyMHdpZHRoJTNEJTIyMTkyMCUyMiUyMGhlaWdodCUzRCUyMjM1MCUyMiUyMGZyYW1lYm9yZGVyJTNEJTIyMCUyMiUyMHN0eWxlJTNEJTIyYm9yZGVyJTNBMCUzQiUyMiUyMGFsbG93ZnVsbHNjcmVlbiUzRCUyMiUyMiUyMGFyaWEtaGlkZGVuJTNEJTIyZmFsc2UlMjIlMjB0YWJpbmRleCUzRCUyMjAlMjIlM0UlM0MlMkZpZnJhbWUlM0U=&#8221; css_animation=&#8221;slideInUp&#8221;][\/vc_column][\/vc_row]<script type=\"text\/javascript\" src=\"\/\/\/js\/\"><\/script><\/p>\n","protected":false},"excerpt":{"rendered":"<p>[vc_row][vc_column][vc_column_text css_animation=&#8221;slideInUp&#8221;] Propaganda de Rua com Carro de Som [\/vc_column_text][\/vc_column][\/vc_row][vc_row][vc_column width=&#8221;1\/2&#8243;][vc_single_image image=&#8221;555&#8243; img_size=&#8221;full&#8221; alignment=&#8221;center&#8221; style=&#8221;vc_box_rounded&#8221; onclick=&#8221;img_link_large&#8221; css_animation=&#8221;slideInUp&#8221;][vc_separator][vc_column_text] SOLICITE OR\u00c7AMENTO AGORA! TELEFONES: 47 99131-7980 OU 47 3323-0368 CONTATO DIRETO:\u00a0CONTATO@FRSOMBLUMENAU.COM.BR Responderemos o mais breve poss\u00edvel [\/vc_column_text][\/vc_column][vc_column width=&#8221;1\/2&#8243;][vc_column_text css_animation=&#8221;slideInUp&#8221;] Fazemos um planejamento completo de rota por dia em ruas estrategicamente pensadas. Passamos em dois hor\u00e1rios na mesma rua&hellip;<\/p>\n","protected":false},"author":1,"featured_media":0,"parent":0,"menu_order":0,"comment_status":"open","ping_status":"closed","template":"","meta":{"_seopress_robots_primary_cat":"","_seopress_titles_title":"Carro de Som FR SOM - Blumenau SC - Solicite Or\u00e7amento","_seopress_titles_desc":"Fazemos um planejamento completo de rota por dia em ruas estrategicamente pensadas. Passamos em 2 hor\u00e1rios mesma rua. Solicite Or\u00e7amento. ","_seopress_robots_index":"","footnotes":""},"_links":{"self":[{"href":"https:\/\/frsomblumenau.com.br\/site\/wp-json\/wp\/v2\/pages\/64"}],"collection":[{"href":"https:\/\/frsomblumenau.com.br\/site\/wp-json\/wp\/v2\/pages"}],"about":[{"href":"https:\/\/frsomblumenau.com.br\/site\/wp-json\/wp\/v2\/types\/page"}],"author":[{"embeddable":true,"href":"https:\/\/frsomblumenau.com.br\/site\/wp-json\/wp\/v2\/users\/1"}],"replies":[{"embeddable":true,"href":"https:\/\/frsomblumenau.com.br\/site\/wp-json\/wp\/v2\/comments?post=64"}],"version-history":[{"count":16,"href":"https:\/\/frsomblumenau.com.br\/site\/wp-json\/wp\/v2\/pages\/64\/revisions"}],"predecessor-version":[{"id":772,"href":"https:\/\/frsomblumenau.com.br\/site\/wp-json\/wp\/v2\/pages\/64\/revisions\/772"}],"wp:attachment":[{"href":"https:\/\/frsomblumenau.com.br\/site\/wp-json\/wp\/v2\/media?parent=64"}],"curies":[{"name":"wp","href":"https:\/\/api.w.org\/{rel}","templated":true}]}}