{"id":9,"date":"2016-04-14T02:51:11","date_gmt":"2016-04-14T02:51:11","guid":{"rendered":"http:\/\/frsomblumenau.com.br\/site\/?page_id=9"},"modified":"2026-02-23T14:56:23","modified_gmt":"2026-02-23T14:56:23","slug":"aniversarios-debutantes","status":"publish","type":"page","link":"https:\/\/frsomblumenau.com.br\/site\/aniversarios-debutantes\/","title":{"rendered":"Aniversarios Debutantes"},"content":{"rendered":"<p>&nbsp;<\/p>\n\n\t\t\t<style type='text\/css'>\n\t\t\t\t#gallery-1 {\n\t\t\t\t\tmargin: auto;\n\t\t\t\t}\n\t\t\t\t#gallery-1 .gallery-item {\n\t\t\t\t\tfloat: left;\n\t\t\t\t\tmargin-top: 10px;\n\t\t\t\t\ttext-align: center;\n\t\t\t\t\twidth: 33%;\n\t\t\t\t}\n\t\t\t\t#gallery-1 img {\n\t\t\t\t\tborder: 2px solid #cfcfcf;\n\t\t\t\t}\n\t\t\t\t#gallery-1 .gallery-caption {\n\t\t\t\t\tmargin-left: 0;\n\t\t\t\t}\n\t\t\t\t\/* see gallery_shortcode() in wp-includes\/media.php *\/\n\t\t\t<\/style>\n\t\t<div id='gallery-1' class='dt-gallery-container gallery galleryid-9 gallery-columns-3 gallery-size-thumbnail'><dl class='gallery-item'>\n\t\t\t\t<dt class='gallery-icon landscape'>\n\t\t\t\t\t<a class=\"rollover rollover-zoom dt-pswp-item\" title=\"WhatsApp Image 2026-02-23 at 08.08.47\" data-dt-img-description=\"\" data-large_image_width=\"1440\" data-large_image_height=\"1080\"data-description='' title='WhatsApp Image 2026-02-23 at 08.08.47' href='https:\/\/frsomblumenau.com.br\/site\/wp-content\/uploads\/2026\/02\/WhatsApp-Image-2026-02-23-at-08.08.47.jpeg'><img loading=\"lazy\" decoding=\"async\" width=\"150\" height=\"150\" src=\"https:\/\/frsomblumenau.com.br\/site\/wp-content\/uploads\/2026\/02\/WhatsApp-Image-2026-02-23-at-08.08.47-150x150.jpeg\" class=\"attachment-thumbnail size-thumbnail\" alt=\"\" \/><\/a>\n\t\t\t\t<\/dt><\/dl><dl class='gallery-item'>\n\t\t\t\t<dt class='gallery-icon portrait'>\n\t\t\t\t\t<a class=\"rollover rollover-zoom dt-pswp-item\" title=\"WhatsApp Image 2026-02-23 at 08.08.18\" data-dt-img-description=\"\" data-large_image_width=\"900\" data-large_image_height=\"1200\"data-description='' title='WhatsApp Image 2026-02-23 at 08.08.18' href='https:\/\/frsomblumenau.com.br\/site\/wp-content\/uploads\/2026\/02\/WhatsApp-Image-2026-02-23-at-08.08.18.jpeg'><img loading=\"lazy\" decoding=\"async\" width=\"150\" height=\"150\" src=\"https:\/\/frsomblumenau.com.br\/site\/wp-content\/uploads\/2026\/02\/WhatsApp-Image-2026-02-23-at-08.08.18-150x150.jpeg\" class=\"attachment-thumbnail size-thumbnail\" alt=\"\" \/><\/a>\n\t\t\t\t<\/dt><\/dl><dl class='gallery-item'>\n\t\t\t\t<dt class='gallery-icon landscape'>\n\t\t\t\t\t<a class=\"rollover rollover-zoom dt-pswp-item\" title=\"WhatsApp Image 2026-02-23 at 08.08.14\" data-dt-img-description=\"\" data-large_image_width=\"1040\" data-large_image_height=\"792\"data-description='' title='WhatsApp Image 2026-02-23 at 08.08.14' href='https:\/\/frsomblumenau.com.br\/site\/wp-content\/uploads\/2026\/02\/WhatsApp-Image-2026-02-23-at-08.08.14.jpeg'><img loading=\"lazy\" decoding=\"async\" width=\"150\" height=\"150\" src=\"https:\/\/frsomblumenau.com.br\/site\/wp-content\/uploads\/2026\/02\/WhatsApp-Image-2026-02-23-at-08.08.14-150x150.jpeg\" class=\"attachment-thumbnail size-thumbnail\" alt=\"\" \/><\/a>\n\t\t\t\t<\/dt><\/dl><br style=\"clear: both\" \/>\n\t\t\t<\/div>\n\n<p style=\"text-align: justify;\">A balada, o jantar, a entrada triunfal da debutante\u2026 Nenhum destes momentos \u00e9 t\u00e3o emocionante em\u00a0uma festa de 15 anos como\u00a0a\u00a0<strong>valsa com o pai<\/strong>. Isto porque \u00e9 durante a dan\u00e7a\u00a0que pai e filha compartilham um momento \u00fanico, que celebra o crescimento da menina e sua transforma\u00e7\u00e3o em mulher.<\/p>\n<p style=\"text-align: justify;\">E \u00e9 claro que, neste momento, a m\u00fasica \u00e9 muito importante<\/p>\n<p style=\"text-align: justify;\">O sonho de toda debutante \u00e9 ver a pista de dan\u00e7a de sua festa bombando a noite toda. Afinal, a balada \u00e9 a parte mais esperada pelos convidados e merece aten\u00e7\u00e3o mais do que especial da aniversariante<\/p>\n<p style=\"text-align: justify;\">O sucesso da festa depende muito do entrosamento do DJ com a aniversariante. Por isso, \u00e9 fun-da-men-tal passar para o profissional quais s\u00e3o as expectativas para o grande dia. \u201cAs reuni\u00f5es com o DJ s\u00e3o important\u00edssimas para que a festa seja um sucesso. Nelas o cliente cria um roteiro personalizado para o evento, informando diretamente ao DJ seus gostos musicais, o perfil dos convidados e tudo que idealiza para o momento\u201d.<\/p>\n<p>Acredite: o Som e principalmente a ilumina\u00e7\u00e3o da festa \u00e9 t\u00e3o importante quanto a sele\u00e7\u00e3o musical e, por isso, n\u00e3o pode ser tratada como item sem import\u00e2ncia na hora de definir os gastos com a festa.<\/p>\n<p>Hoje \u00e9 poss\u00edvel dizer que existe uma festa de 15 anos para todos os gostos e bolsos, e para or\u00e7amentos menores, solu\u00e7\u00f5es criativas podem reduzir custos sem que se ofusque o brilho e o glamour que este acontecimento \u00edmpar na vida de sua debutante merece.<\/p>\n<p>O mais importante \u00e9 que dentro das possibilidades voc\u00ea possa usufruir do melhor custo- benef\u00edcio, sempre com muito profissionalismo, marcando esta como uma noite m\u00e1gica na lembran\u00e7a de familiares e amigos.<\/p>\n<h3><span style=\"color: #ff0000;\"><a href=\"http:\/\/frsomblumenau.com.br\/site\/fale-conosco\/\">Clique e Solicite Or\u00e7amento Agora!<\/a><\/span><\/h3>\n","protected":false},"excerpt":{"rendered":"<p>&nbsp; A balada, o jantar, a entrada triunfal da debutante\u2026 Nenhum destes momentos \u00e9 t\u00e3o emocionante em\u00a0uma festa de 15 anos como\u00a0a\u00a0valsa com o pai. Isto porque \u00e9 durante a dan\u00e7a\u00a0que pai e filha compartilham um momento \u00fanico, que celebra o crescimento da menina e sua transforma\u00e7\u00e3o em mulher. E \u00e9 claro que, neste momento,&hellip;<\/p>\n","protected":false},"author":1,"featured_media":0,"parent":0,"menu_order":10,"comment_status":"open","ping_status":"closed","template":"","meta":{"_seopress_robots_primary_cat":"","_seopress_titles_title":"","_seopress_titles_desc":"","_seopress_robots_index":"","footnotes":""},"_links":{"self":[{"href":"https:\/\/frsomblumenau.com.br\/site\/wp-json\/wp\/v2\/pages\/9"}],"collection":[{"href":"https:\/\/frsomblumenau.com.br\/site\/wp-json\/wp\/v2\/pages"}],"about":[{"href":"https:\/\/frsomblumenau.com.br\/site\/wp-json\/wp\/v2\/types\/page"}],"author":[{"embeddable":true,"href":"https:\/\/frsomblumenau.com.br\/site\/wp-json\/wp\/v2\/users\/1"}],"replies":[{"embeddable":true,"href":"https:\/\/frsomblumenau.com.br\/site\/wp-json\/wp\/v2\/comments?post=9"}],"version-history":[{"count":11,"href":"https:\/\/frsomblumenau.com.br\/site\/wp-json\/wp\/v2\/pages\/9\/revisions"}],"predecessor-version":[{"id":812,"href":"https:\/\/frsomblumenau.com.br\/site\/wp-json\/wp\/v2\/pages\/9\/revisions\/812"}],"wp:attachment":[{"href":"https:\/\/frsomblumenau.com.br\/site\/wp-json\/wp\/v2\/media?parent=9"}],"curies":[{"name":"wp","href":"https:\/\/api.w.org\/{rel}","templated":true}]}}